 j a multiple of 5?
True
Let c(o) = o**3 + o**2 - 6*o. Does 6 divide c(3)?
True
Suppose 0 = -6*j + 5*j + 4. Is j even?
True
Let a(s) = -4*s**3 - s**2 - 4*s - 4. Let q(u) = -3*u**3 - 5*u - 3. Let m(i) = 4*a(i) - 5*q(i). Is 36 a factor of m(-7)?
False
Let v(x) = -33*x - 3. Let m be v(-3). Let n = m + -167. Let l = 100 + n. Does 11 divide l?
False
Let a(f) = 4*f + 5*f**2 - 4*f**2 + 1 - 3*f. Let w = 8 + -11. Is a(w) a multiple of 7?
True
Let a(q) = -5*q**2 + 8*q + 3. Let f(h) = 9*h**2 - 16*h - 6. Let b(i) = -7*a(i) - 4*f(i). Let n be ((-4)/(-6))/((-16)/(-168)). Does 7 divide b(n)?
False
Suppose 2*f = -0*f. Suppose a - 28 - 14 = f. Is a a multiple of 15?
False
Let m be (-1)/3*54/(-6). Suppose m*a = -t + 9, -3*t - 3*a + 0 = -39. Is 13 a factor of t?
False
Suppose 4*l = 8*l - 644. Is 23 a factor of l?
True
Suppose 2*w - 2*p + 23 = -p, -2*w - 4*p = -2. Let q = -1 + 2. Is 4 a factor of (-1)/((1/w)/q)?
False
Is ((-9)/(-5))/((-18)/(-1050)) a multiple of 21?
True
Suppose -3*x + 53 + 19 = 0. Does 8 divide x?
True
Let c(o) be the third derivative of -o**6/720 + 11*o**5/60 + o**4/12 - o**2. Let i(q) be the second derivative of c(q). Is 11 a factor of i(0)?
True
Suppose 3*x - 9 = 15. Suppose 0 = -3*k + k + x. Suppose f + 2*u = 9, k*u - 48 - 15 = -5*f. Is f a multiple of 13?
False
Suppose -4*i = 4*p + i - 22, i = 5*p - 13. Suppose g + 3*z - 4 = 6, 5*g + 22 = p*z. Let x(b) = 3*b**2 - 1. Is 6 a factor of x(g)?
False
Suppose 2*l + 0*l - 24 = -4*i, -2*i = -l - 20. Does 3 divide i?
False
Let r = -36 + 62. Is 9 a factor of r?
False
Let x be 2/11 - 592/(-11). Let c be (7/2 - 2)*x. Let w = c + -56. Is w a multiple of 9?
False
Suppose 0 = -4*b + 8*b - 24. Let o = b - -42. Does 20 divide o?
False
Let h be (-2)/8*-2*-20. Let t(p) = -p**3 - 10*p**2 + p - 5. Let s be t(h). Let x = -8 - s. Is 7 a factor of x?
True
Let t(d) = d. Suppose -3*k + 63 = -0*k. Let g = -12 + k. Is 5 a factor of t(g)?
False
Suppose 3*t - 282 - 180 = 0. Is t a multiple of 12?
False
Let j = 6 - 6. Is 4 a factor of (j + -2)*2/(-1)?
True
Let f be (-2 - -3 - 0)*0. Suppose 5*c - 12 - 8 = f. Suppose -6*m + c*m + 52 = 0. Does 13 divide m?
True
Let d be ((-4)/4 - 37)/1. Let s = 56 + d. Does 10 divide s?
False
Suppose 2*c + 191 = 4*y - 123, 0 = 3*y - c - 234. Is 13 a factor of y?
False
Let u(a) = -5*a - 26. Is 26 a factor of u(-12)?
False
Let l = -62 - -95. Is 11 a factor of l?
True
Let q(a) = 3*a**2 + a + 2*a + a**2 - 3 - a**2. Let s(c) = c**3 + 5*c**2 + 3. Let o be s(-5). Is q(o) a multiple of 11?
True
Let t = -64 + 85. Is 7 a factor of t?
True
Suppose -4 + 0 = -4*r. Suppose -5 = -z - r. Suppose 5*j - z*j = 30. Is j a multiple of 15?
True
Let l = 20 - 10. Is l even?
True
Let g(v) = v**3 - 5*v**2 + 4*v + 1. Let w be g(4). Let t(p) = 0 + 6*p**2 + 2*p**2 + p + 2 - w. Is t(-1) a multiple of 4?
True
Let v be (-3)/(((-5)/6)/(-5)). Let x = 14 - 25. Let p = x - v. Is 3 a factor of p?
False
Suppose -2 = -3*z + 7. Let y(t) = 2*t + z*t**3 - 4*t**3 + 7 + 5*t**2 + t. Does 22 divide y(5)?
True
Let w be 2 - -1*(-15 + -1). Suppose -4*p + 26 - 2 = 0. Let z = p - w. Is z a multiple of 10?
True
Suppose 4*k = 4, -k = -b + 2*b - 9. Is b a multiple of 2?
True
Let x = 82 + -50. Is x a multiple of 8?
True
Let i(k) = -12*k - 2 - 2*k - 3*k. Is 16 a factor of i(-2)?
True
Suppose -2*n = 66 - 8. Let w = 51 + n. Does 11 divide w?
True
Let m = -1 + 4. Suppose x - 2*i - 13 - 11 = 0, -m*i - 27 = -x. Suppose 0 = 2*z - 2 - x. Does 5 divide z?
True
Suppose 2*f - 60 = -2*f. Let s be 2 + (-1 + -1)/1. Is f + 3 + -1 - s a multiple of 6?
False
Let p = -83 - -117. Is 14 a factor of p?
False
Suppose 2*w + 30 = 4*j, 4*j + j - 3*w = 40. Suppose 0 = j*u + 3*x + 1, -3 - 3 = 4*u + 5*x. Let y = 8 + u. Does 7 divide y?
False
Let f(q) = 6*q + 75. Is 8 a factor of f(18)?
False
Suppose 5*n + 4*w = -0*n + 41, n - 11 = 2*w. Let x(r) = -r**3 + 8*r**2 + 11*r - 12. Is 6 a factor of x(n)?
True
Let k = 26 - 16. Suppose 0 = -3*x + 4*x + k. Is 6 a factor of (29 - -1)*(-4)/x?
True
Let p be -2 + ((-26)/(-1) - 3). Suppose -g - 2*d + 5 = 0, 0 = 3*d - 8 - 4. Let i = p + g. Does 9 divide i?
True
Let u be (1*3)/((-45)/(-75)). Suppose 4*f = 2*a - 18, 0 = -u*a + 2*a + 3*f + 30. Does 2 divide a?
False
Let l be (1 - -8)*(-1 + 2). Suppose 2 - l = -q. Let s = 13 - q. Is 3 a factor of s?
True
Let z be 148 - 3/((-9)/6). Suppose o = 6*o - z. Does 15 divide o?
True
Suppose -2*f = 5*j - 93, j + 0*j + 2*f = 25. Is j a multiple of 17?
True
Let m(n) = 2*n + 9. Is m(3) a multiple of 4?
False
Suppose z - 3*l - 8 = -4*l, -3*l = z. Suppose -2*h = -2 + z, -61 = -j + h. Does 14 divide j?
True
Let r = -3 + 21. Let f = 26 + r. Is 11 a factor of f?
True
Suppose 2*j = 5 - 15, 0 = y + 5*j - 16. Is y a multiple of 10?
False
Let f(o) = o**3 + 6*o**2 + 4*o - 4. Let v be f(-4). Suppose 0*n - v = -2*n. Does 3 divide n?
True
Suppose p - 2*p + 7 = 0. Let c(g) = -g**2 + 9*g. Is 14 a factor of c(p)?
True
Suppose -3*v + 93 = q, -3*v - 176 - 151 = -4*q. Is 12 a factor of q?
True
Let c be (3 - 2)*(-31 - 0). Let a = 64 + c. Suppose a = 5*y - 77. Is 8 a factor of y?
False
Let c(n) = n + 2. Let t be c(0). Suppose t*q = -5*s + 3*q + 15, 0 = 3*s + 4*q + 14. Is 10 a factor of (-9 - s)/(-1) - 1?
True
Let q = -8 - -17. Does 4 divide q?
False
Suppose -39 - 1 = -4*y. Suppose 2*d - 2*i - y = 0, 2*d + 16 = 7*d - 2*i. Does 2 divide d?
True
Let j be 4/(-6) + 55/15. Suppose -4*f + 8 = -2*f - j*m, 20 = 5*f + 5*m. Suppose -4*x = -x - p - 63, 122 = 5*x + f*p. Is 11 a factor of x?
True
Let c(r) = 59*r + 1. Let x = -20 + 21. Does 15 divide c(x)?
True
Let v(m) = m**3 - 13*m**2 + 11*m - 14. Is v(13) a multiple of 4?
False
Let t = -4 - -10. Is 10 a factor of 3/t - 31/(-2)?
False
Suppose 0 = 3*x + 2*g + 1, 2*x - 4*x + 3*g = -21. Suppose 10*f - x*o - 32 = 5*f, -5*f + 16 = o. Is 18 a factor of ((-14)/f - -3)*-38?
False
Let x(m) = -m**3 + m**2 + 5. Let q be x(0). Suppose q*z + 0*r = r + 169, 3*r - 173 = -5*z. Suppose -2*o = -2 - z. Is 12 a factor of o?
False
Let g(w) = 10*w**2 - 7*w + 18. Is g(4) a multiple of 25?
True
Let l(r) = r**3 - 8*r**2 - 11*r + 13. Let z be l(9). Let h = 3 + z. Does 9 divide h - (-20 - (-1 + 1))?
True
Let a = -50 - -85. Does 16 divide a?
False
Suppose x + 4*x = 5. Suppose -2*w + 3 = x. Is 11 a factor of 29 - (w + 1)*-1?
False
Let j(g) = 6*g**2 - 5*g + 6. Is 24 a factor of j(4)?
False
Suppose 5*y - 209 = -9. Is y a multiple of 10?
True
Suppose j + 7 = 3*j + v, -12 = 3*j - 3*v. Suppose -4*r - r + 15 = 0. Suppose -2*l = -4*s + 64, -r - j = l. Is 6 a factor of s?
False
Let q be ((-2)/6)/(4/(-264)). Suppose 0*v - q = -v. Is 11 a factor of v?
True
Let a(q) be the second derivative of q**4/12 - 2*q**3/3 - q. Let n be a(5). Suppose 2 = n*w - 23. Is w even?
False
Let w(q) = 4*q - 80. Is 7 a factor of w(26)?
False
Suppose 3*h = 2*r + 2*r + 9, -11 = 3*r + 2*h. Let k(b) = b**2 + b - 2. Is k(r) a multiple of 3?
False
Let d be 1 - -3 - (5 - 3). Suppose d*z - 6*z = -48. Is 6 a factor of z?
True
Suppose 0 = -3*p - 2*w + 144, -p - 3*w = -29 - 19. Let n = p - 26. Let i = 7 + n. Is 11 a factor of i?
False
Suppose -v = 2*s - 2, -3*s + 2*s = v. Suppose -s*y = -10, -213 - 132 = -5*g + 5*y. Is g a multiple of 19?
False
Suppose -i = 3*i + 4, 3*w = 2*i + 53. Let d = w - -16. Is d a multiple of 12?
False
Let a be 6 + -3 + (1 - 0). Suppose -9 + a = s. Does 6 divide 2/s - (-32)/5?
True
Suppose 10 = -s + 6*s. Suppose -3*h + s*p = 3*p - 47, -4*h + 4*p + 68 = 0. Does 16 divide h?
True
Let c = 319 - 203. Is c a multiple of 39?
False
Suppose 3*l + l = -2*y - 56, 2*l + 16 = -4*y. Let z = 29 - l. Is z a multiple of 13?
False
Let p = -240 + 396. Does 8 divide p?
False
Let m = -4 - -7. Is 9 a factor of m/(6 + 0)*42?
False
Suppose q - 2 + 4 = k, 0 = 3*q + 4*k - 22. Suppose -q*c + 10 = -68. Is c a multiple of 13?
True
Let i(v) = -v**3 + 6*v**2 - 6*v + 5. Let k be i(5). Suppose k = -l + 4, -4*o + 4*l - 1 = 3. Let p(s) = 2*s**2 - s + 2. Is p(o) a multiple of 12?
False
Let d = -12 - -2. Let k = d + 19. Does 3 divide k?
True
Suppose 2*d - 6 - 2 = 0. Suppose -9 = d*x + 3*q, 10 = 4*x - q + 23. Is (9/(-1))/(x/6) a multiple of 7?
False
Let i(n) = n**3 - 6*n**2 + n + 7. Suppose q = -4*q - 20, -3*v = 3*q + 84. Let c be (1/(-2))/(2/v). Is 13 a factor of i(c)?
True
Let u(r) = -r**3 - 4*r**2 - r + 1. Suppose 0 = p + 3, 1 = -2*v + p - 0*p. Let y be u(v). Let i